727 a composite number?
False
Is 12860481287 prime?
True
Is 1680890219 a prime number?
True
Is 64884067 composite?
False
Is 23725957519 composite?
True
Is 6891693751 a composite number?
True
Is 246938597 prime?
True
Is 37058960165 a composite number?
True
Is 1955334223 a prime number?
True
Is 717439111 prime?
False
Is 152175854 prime?
False
Is 80823283097 a prime number?
True
Is 167776741 a composite number?
True
Is 3648884891 a prime number?
False
Is 2698775129 composite?
True
Is 7552704043 composite?
False
Is 137994555557 prime?
True
Is 42857079211 a composite number?
False
Is 494903263 composite?
True
Is 2066594473 composite?
False
Is 83455777 a prime number?
False
Is 7685490649 prime?
False
Is 3015027661 prime?
True
Is 9819558823 prime?
True
Is 133951565219 prime?
False
Is 21273026403 composite?
True
Is 166405271 composite?
False
Is 765637463 a composite number?
False
Is 1700299663 a composite number?
False
Is 756203500209 a prime number?
False
Is 13592869001 a prime number?
True
Is 5880444953 a prime number?
True
Is 25968140749 composite?
False
Is 6964095283 composite?
True
Is 957984322 composite?
True
Is 2575379929 prime?
False
Is 10303793527 a prime number?
True
Is 7188153793 a prime number?
False
Is 93156157 a composite number?
False
Is 21801956563 composite?
True
Is 9354648838 prime?
False
Is 1349026769 composite?
True
Is 254821871 prime?
True
Is 6876503539 prime?
False
Is 6397992331 a prime number?
True
Is 8155116419 prime?
False
Is 143855043 a composite number?
True
Is 2151355547 composite?
True
Is 9187494113 a composite number?
True
Is 318599737 prime?
False
Is 2123571221 a prime number?
True
Is 1040951357 composite?
False
Is 104143174453 composite?
False
Is 265788113 prime?
True
Is 2583888467 a composite number?
False
Is 5610176401 a composite number?
True
Is 85402857349 composite?
False
Is 63173475019 a composite number?
False
Is 63579763 prime?
False
Is 23502703261 a prime number?
True
Is 125724079 prime?
False
Is 2341464061 prime?
False
Is 629079193 composite?
False
Is 18696209401 a prime number?
True
Is 1934891993 a prime number?
True
Is 1317196093 composite?
True
Is 108028463 a composite number?
False
Is 1897088539 prime?
True
Is 1837100297 a prime number?
True
Is 3771914501 a composite number?
True
Is 548813999 composite?
False
Is 7119940871 a composite number?
True
Is 14577660041 a prime number?
False
Is 806321861 composite?
True
Is 21542812994 prime?
False
Is 13682095829 a prime number?
True
Is 2210533159 a prime number?
True
Is 280560387 a composite number?
True
Is 1535683517 a prime number?
False
Is 1813533119 a prime number?
False
Is 440328523 prime?
True
Is 301035649 a prime number?
True
Is 1857974507 prime?
True
Is 1191736363 composite?
True
Is 3871616143 prime?
True
Is 2046566861 prime?
True
Is 144742827893 composite?
False
Is 9475882249 a prime number?
False
Is 23151787591 composite?
False
Is 60049866197 prime?
True
Is 12817179231 prime?
False
Is 9564642203 a composite number?
True
Is 1417778017 composite?
False
Is 1383799679 a prime number?
False
Is 23671369574 composite?
True
Is 2320522189 a prime number?
True
Is 16572784853 composite?
True
Is 4354818647 composite?
False
Is 16289652469 a prime number?
True
Is 875583497 composite?
True
Is 177846113 prime?
False
Is 1102120541 a prime number?
True
Is 2165910457 prime?
True
Is 363756347 prime?
True
Is 676853503 a composite number?
True
Is 56081308537 prime?
True
Is 1032803147 prime?
True
Is 4944143323 composite?
True
Is 3639146551 a composite number?
True
Is 12617504423 composite?
False
Is 1700416741 composite?
True
Is 1329406847 composite?
False
Is 17473897187 a prime number?
True
Is 50884019021 a composite number?
True
Is 143914313 prime?
True
Is 3193390877 a prime number?
True
Is 73366940279 composite?
False
Is 1600464049 a prime number?
False
Is 16717944847 a composite number?
True
Is 1258256267 a prime number?
True
Is 10791894955 prime?
False
Is 3379969819 composite?
True
Is 843036911 a prime number?
True
Is 2182002143 prime?
True
Is 2103624911 a composite number?
False
Is 1189795559 a composite number?
False
Is 7301506087 composite?
False
Is 5238026977 prime?
False
Is 12831455311 a prime number?
False
Is 10173003151 prime?
True
Is 133038803 composite?
False
Is 933698009 composite?
False
Is 342624521 composite?
False
Is 2167929713 a composite number?
True
Is 37487456813 prime?
True
Is 772963151 a composite number?
False
Is 1262651417 a prime number?
True
Is 40123399 a composite number?
False
Is 24875960183 prime?
False
Is 290788699 composite?
False
Is 1507604473 a prime number?
True
Is 14617037729 composite?
True
Is 63496588793 prime?
False
Is 8059842053 composite?
True
Is 11904726563 a prime number?
True
Is 187903663 prime?
False
Is 796639507 prime?
True
Is 1384438339 a prime number?
False
Is 1043668789 a composite number?
False
Is 878602411 composite?
False
Is 3742201577 a composite number?
False
Is 85877761691 a prime number?
True
Is 24413577913 a composite number?
True
Is 8684052787 composite?
False
Is 837518771 composite?
True
Is 363344021 prime?
True
Is 33152676589 composite?
True
Is 161590529 a prime number?
False
Is 6386896403 prime?
False
Is 4793250493 a composite number?
False
Is 18858896081 a prime number?
True
Is 1133932193 a composite number?
False
Is 46092493991 a composite number?
True
Is 10220782783 prime?
True
Is 61806673 prime?
False
Is 605635447 a prime number?
False
Is 1430385149 composite?
True
Is 1781651939 composite?
True
Is 17288827957 a prime number?
False
Is 2745173857 a prime number?
True
Is 303321413 a prime number?
True
Is 94862142773 a composite number?
False
Is 132637219717 a prime number?
False
Is 1750448057 composite?
False
Is 545805929 a composite number?
False
Is 7595923453 a prime number?
True
Is 487663377757 a composite number?
True
Is 4592014397 composite?
False
Is 1284201101 a prime number?
True
Is 14001452747 prime?
True
Is 16188401633 a prime number?
True
Is 6289369477 a composite number?
True
Is 349672567 a prime number?
True
Is 322219463 a composite number?
True
Is 47203147 a composite number?
True
Is 2715641107 a prime number?
False
Is 205423467869 prime?
True
Is 382239073 composite?
True
Is 250891939 a composite number?
False
Is 56105614699 a prime number?
False
Is 279261803 a composite number?
True
Is 3123639137 composite?
False
Is 389479609 a prime number?
True
Is 10403306971 prime?
True
Is 193953791 a composite number?
True
Is 173306123 prime?
True
Is 64757281151 prime?
True
Is 228026341 prime?
False
Is 15935218327 a composite number?
True
Is 7556946681 prime?
False
Is 11524092887 prime?
False
Is 163957 composite?
True
Is 7247274941 a prime number?
True
Is 173513086591 composite?
True
Is 469836847 composite?
True
Is 12818593573 a composite number?
False
Is 1591567123 a composite number?
False
Is 2720879983 a prime number?
False
Is 7069925857 prime?
True
Is 49358907263 prime?
False
Is 633203497 a prime number?
True
Is 1176589451 a prime number?
True
Is 72691831 prime?
False
Is 41140718341 composite?
False
Is 23316367511 a prime number?
True
Is 199924259 prime?
False
Is 121863758209 a composite number?
True
Is 2126026487 composite?
True
Is 3087560669 composite?
True
Is 370531205701 a composite number?
True
Is 7442408101 prime?
True
Is 932009579 prime?
True
Is 66705060497 a prime number?
False
Is 1664603351 a prime number?
False
Is 21857265799 composite?
False
Is 2152778311 composite?
True
Is 53749805749 composite?
False
Is 1062709363 a composite number?
True
Is 50338243 a prime number?
True
Is 1960812622 composite?
True
Is 28963090771 a prime number?
True
Is 279096331 prime?
False
Is 7906666649 a prime number?
False
Is 2979443521 composite?
True
Is 2725317401 a composite number?
True
Is 1006809893 prime?
True
Is 643582321 composite?
False
Is 907933057 a composite number?
False
Is 131566333 prime?
True
Is 5272388929 a prime number?
False
Is 4003411 a prime number?
False
Is 486030817 a composite number?
False
Is 64636209263 a prime number?
True
Is 5088838057 composite?
True
Is 31780841899 composite?
False
Is 172874459 a prime number?
True
Is 16273747963 prime?
False
Is 960379261 composite?
False
Is 34281049169 prime?
False
Is 312616453 prime?
False
Is 611338121 a prime number?
True
Is 44203729697 a prime number?
Tr